68. Determine l(10).
-18
Let c(u) = u**3 - 7*u**2 + 13*u - 7. Give c(3).
-4
Let u(q) = q**3 + 4*q**2 - 8. Give u(-6).
-80
Let z(p) = -p**2 - 9*p + 15. What is z(-9)?
15
Let s(a) = 3*a**2 - 21*a + 38. Determine s(5).
8
Let a(t) = t**3 - 11*t**2 - 10*t - 5. Determine a(12).
19
Let a(p) = -p**2 - 28*p - 54. Give a(-2).
-2
Let s(d) = d**3 - 6*d**2 + 9*d - 11. Give s(6).
43
Let i(d) = -38*d - 4. Calculate i(1).
-42
Let m(t) = -3*t - 10. Calculate m(0).
-10
Let w(t) = -t**3 + 3*t**2 + 6*t - 9. Give w(4).
-1
Let a(f) = -2*f - 10. Give a(8).
-26
Let w(c) = c**3 + 7*c**2 - 1. Calculate w(-7).
-1
Let o(k) = k**2 - 3*k - 110. Calculate o(-9).
-2
Let q(x) = x**3 - x**2 - x. Give q(4).
44
Let v(p) = -3*p + 16. Determine v(11).
-17
Let v(z) = -z**3 - 4*z**2 + 4*z. Give v(-3).
-21
Let i(t) = t**3 + 21*t**2 - t - 24. Calculate i(-21).
-3
Let m(t) = -t**3 + 8*t**2 + 11*t - 3. Calculate m(9).
15
Let n(w) = -w**2 - 24*w - 89. Calculate n(-5).
6
Let h(y) = -5*y - 70. What is h(-14)?
0
Let f(b) = b**3 - 5*b**2 + 5*b. Calculate f(4).
4
Let r(k) = -k**2 + 12*k - 10. Give r(10).
10
Let v(p) = 3*p - 6. Give v(4).
6
Let q(d) = d**2 + 22*d - 32. Determine q(-24).
16
Let g(n) = 3*n**3 - 11*n**2 - n - 2. Calculate g(4).
10
Let y(z) = -4*z**2 + 7*z + 4. Give y(4).
-32
Let z(j) = -3*j**2 + 4*j + 33. Determine z(5).
-22
Let m(h) = -2*h**3 - 23*h**2 + 40*h - 7. What is m(-13)?
-20
Let v(n) = -2*n**3 - 10*n**2 + 2*n + 7. Calculate v(-5).
-3
Let t(m) = -m**3 - 4*m**2 + 5*m + 8. Calculate t(-4).
-12
Let o(h) = -6*h**2 + 8*h - 6. Give o(5).
-116
Let c(i) = -i**3 + 20*i**2 - 21*i + 35. Give c(19).
-3
Let f(r) = 11*r - 11. Calculate f(5).
44
Let a(q) = q**3 + 5*q**2 + 4*q - 1. Calculate a(-2).
3
Let v(k) = k**2 - 8*k - 7. What is v(14)?
77
Let t(y) = -2*y**2 - 6*y + 7. What is t(3)?
-29
Let y(f) = -f**3 - 6*f**2 + 4*f + 5. What is y(-6)?
-19
Let h(u) = 24*u + 7. Determine h(-2).
-41
Let g(l) = -2*l**3 + 16*l**2 + 16*l + 18. Give g(9).
0
Let o(q) = -q**2 + 2*q - 1. Determine o(-2).
-9
Let c(v) = -v**2 - 16*v + 42. What is c(-17)?
25
Let v(q) = -8*q - 7. Give v(-5).
33
Let k(a) = -a**3 - 13*a**2 - 11*a + 16. What is k(-12)?
4
Let n(d) = 3*d**2 - 47*d + 46. Determine n(1).
2
Let g(p) = -p**3 + 14*p**2 + 2*p - 24. Give g(14).
4
Let j(n) = 10*n + 1. Calculate j(1).
11
Let n(o) = -2*o**3 + 3*o**2 + 2*o - 1. Calculate n(3).
-22
Let r(s) = 47*s - 232. What is r(5)?
3
Let s(g) = 13*g**2 - g - 1. Give s(-1).
13
Let m(o) = -86*o**3 + o**2 + 3*o + 2. Calculate m(-1).
86
Let q(o) = 67*o**3 - o**2 - 2*o - 3. Determine q(-1).
-69
Let y(c) = -c**2 + 43. Calculate y(10).
-57
Let p(d) = d**3 + 17*d**2 + 60*d + 12. Give p(-12).
12
Let h(k) = -k**3 + 14*k**2 + 2*k - 34. What is h(14)?
-6
Let k(c) = 22*c**2 + c - 2. Give k(1).
21
Let f(t) = t**3 - 14*t**2 + 47*t + 10. Calculate f(8).
2
Let m(a) = -a**3 - 6*a**2 + 3*a + 6. Calculate m(-4).
-38
Let a(p) = -p**3 - 10*p**2 + 2*p + 12. Determine a(-10).
-8
Let w(g) = 8*g - 36. Calculate w(4).
-4
Let q(x) = -10*x - 23. Calculate q(-3).
7
Let v(g) = 2*g + 31. What is v(-11)?
9
Let d(j) = j**3 - 2*j**2 + 4*j - 2. Give d(3).
19
Let m(x) = x**3 - 7*x**2 + 7*x. Give m(6).
6
Let x(n) = 24*n - 131. What is x(5)?
-11
Let h(v) = 6*v + 4. Determine h(-6).
-32
Let n(s) = -s**2 + 12. What is n(7)?
-37
Let v(u) = -6*u**2 - 7*u + 15. What is v(2)?
-23
Let m(f) = -5*f**2 + 31*f - 25. Give m(6).
-19
Let u(o) = -o**3 + 5*o**2 + 3*o + 88. Give u(7).
11
Let r(s) = -19*s + 14. Calculate r(4).
-62
Let l(w) = w**3 - 12*w**2 - 13*w + 6. Calculate l(13).
6
Let g(d) = -d**3 - 5*d**2 - 8*d - 21. Give g(-4).
-5
Let g(t) = -23*t - 139. Determine g(-6).
-1
Let u(q) = -7*q**3 + 5*q**2 + 6*q + 2. What is u(-1)?
8
Let z(n) = -17*n + 113. Give z(7).
-6
Let p(n) = n - 9. Give p(24).
15
Let i(v) = -v + 95. Calculate i(26).
69
Let q(a) = -a**3 - 5*a**2 + 6*a + 2. What is q(3)?
-52
Let d(p) = 31*p**3 - 2*p - 1. What is d(-1)?
-30
Let j(f) = -2*f**3 - 4*f**2 + 1. Give j(2).
-31
Let m(d) = -40*d**3 + d**2 + d - 1. Give m(1).
-39
Let k(f) = 109*f + 2. Calculate k(1).
111
Let d(b) = -8*b + 27. Determine d(3).
3
Let m(q) = -q**3 - 24*q**2 + 53*q + 15. What is m(-26)?
-11
Let f(x) = -26*x + 38. Give f(4).
-66
Let l(t) = 9*t - 10. Calculate l(7).
53
Let p(g) = g + 14. What is p(-6)?
8
Let u(y) = y**3 - y**2 - 6*y + 3. What is u(-3)?
-15
Let v(x) = -x**3 - x**2 + 2*x - 4. Give v(0).
-4
Let c(v) = v**2 - 7*v. What is c(-2)?
18
Let z(l) = l**2 + 11*l - 2. Determine z(-14).
40
Let n(w) = -2*w**3 + 6*w**2 + 4. Determine n(5).
-96
Let f(q) = q**3 - 3*q**2 - 4*q - 4. Determine f(5).
26
Let s(z) = -z**3 + 12*z**2 - 2*z - 3. Give s(12).
-27
Let a(q) = q**3 + 3*q**2 - 3*q - 14. What is a(-3)?
-5
Let o(w) = 4*w**2 - 25*w + 18. Determine o(7).
39
Let p(c) = 52*c - 11. Calculate p(5).
249
Let z(y) = -7*y**2 + 2*y + 1. Give z(-1).
-8
Let g(b) = -16*b + 499. Determine g(31).
3
Let m(s) = s + 5. Determine m(-8).
-3
Let c(m) = -m**3 + 4*m**2 + 2*m - 3. Calculate c(2).
9
Let q(d) = d**2 - 14*d - 4. What is q(15)?
11
Let a(t) = -t**2 + 12*t + 7. What is a(13)?
-6
Let a(f) = f**3 - 7*f**2 + 5*f - 4. Determine a(6).
-10
Let q(u) = 2*u**3 - 5*u**2 + 6*u - 7. Calculate q(3).
20
Let n(x) = x**2 + x - 15. What is n(-6)?
15
Let h(l) = -2*l**2 + 13. Calculate h(3).
-5
Let a(h) = h**3 - h**2 - 1. Determine a(1).
-1
Let c(z) = -z**2 + 10*z - 2. Calculate c(6).
22
Let t(l) = -l**3 - 2*l**2 - 2*l. Calculate t(-4).
40
Let a(w) = -w**3 + 15*w**2 - 16*w - 31. Calculate a(14).
-59
Let t(s) = s + 12. Give t(-13).
-1
Let q(z) = -2*z**2 + 5*z + 3. Determine q(-2).
-15
Let z(m) = -16*m - 1. Determine z(-2).
31
Let x(z) = -4*z - 11. What is x(-5)?
9
Let t(v) = -17*v - 40. Give t(-3).
11
Let n(w) = w - 8. What is n(13)?
5
Let n(z) = z**2 + 15*z + 55. Give n(-9).
1
Let l(h) = -h**2 + 19*h + 37. What is l(17)?
71
Let m(j) = -19*j**2. What is m(1)?
-19
Let j(z) = 15*z - 1. Give j(2).
29
Let x(t) = t**3 + 7*t**2 + 12*t + 9. What is x(-5)?
-1
Let k(n) = -n**3 - 5*n**2 - 6*n + 2. Determine k(-2).
2
Let m(a) = -a**2 + 12*a - 4. Calculate m(9).
23
Let u(r) = -7*r - 2. Give u(1).
-9
Let t(u) = -u**3 - 2*u**2 + u - 4. Calculate t(-3).
2
Let r(f) = -f**3 + 4*f**2 - 7*f + 4. Calculate r(3).
-8
Let t(g) = -11*g + 39. What is t(4)?
-5
Let u(i) = i**2 - 10. Give u(0).
-10
Let s(j) = -j**2 + 9*j + 2. Determine s(4).
22
Let g(u) = -2*u**3 + 6*u**2 + 3*u - 7. Give g(3).
2
Let f(y) = -4*y + 24. What is f(6)?
0
Let j(h) = -2*h**3 + 12*h**2 - 12. What is j(6)?
-12
Let q(x) = 4*x + 8. Give q(7).
36
Let y(t) = -10*t - 52. Calculate y(0).
-52
Let d(z) = z**3 - 11*z**2 + 10*z + 3. Give d(9).
-69
Let m(y) = y**3 + 12*y**2 + 35*y - 6. Determine m(-7).
-6
Let o(n) = -n - 11. Calculate o(-10).
-1
Let h(d) = d**3 + 10*d**2 + 8*d. Determine h(-8).
64
Let u(x) = 2*x**2 + 21*x - 12. Determine u(-14).
86
Let u(h) = h**2 - 8*h - 3. Calculate u(5).
-18
Let c(n) = -n**3 - 5*n**2 + 2*n + 3. What is c(-7)?
87
Let z(a) = a**3 - 5*a**2 - 8*a + 2. What is z(7)?
44
Let m(k) = -3*k + 7. What is m(-14)?
49
Let z(t) = -t**2 + 7*t + 159. What is z(17)?
-11
Let d(f) = 2*f**2 + 31*f. Give d(-15).
-15
Let v(g) = -g + 25. Give v(26).
-1
Let t(h) = 2*h**3 + h**2 + h + 4. Give t(-3).
-44
Let t(o) = o**3 + 5*o**2 - o - 10. What is t(-5)?
-5
Let k(h) = -h + 51. Calculate k(-16).
67
Let s(i) = 2*i**3 - 39*i**2 + 16*i - 6. What is s(19)?
-63
Let h(q) = q**3 + 5*q**2 + 8*q + 10. Calculate h(-4).
-6
Let r(d) = d + 7. Calculate r(0).
7
Let x(c) = -c**2 + 18*c - 66. Calculate x(16).
-34
Let y(j) = -3*j**2 - 51*j - 3. Give y(-17).
-3
Let q(f) = -9*f**2 - f. Calculate q(1).
-10
Let j(a) = -a**3 + 11*a**2 + 14*a - 18. Give j(12).
6
Let v(l) = -l**2 - 15*l - 27. Give v(-12).
9
Let l(n) = 137*n - 958. Calculate l(7).
1
Let h(r) = -r**3 + 6*r**2 - 4*r + 2. What is h(5)?
7
Let d(r) = r**3 + 25*r**2 + 23*r - 25. What is d(-24)?
-1
Let o(i) = i**3 - i**2 + 17. Calculate o(0).
17
Let n(r) = r**2 + 7*r - 2. What is n(-3)?
-14
Let z(s) = 6*s - 8. Calculate z(9).
46
Let s(u) = -50*u**2 + u + 2. Determine s(-1).
-49
Let p(v) = -v**3 + 10*v**2 - 8*v + 63. Give p(10).
-17
Let r(h) = 3*h + 4. Determine r(-10).
-26
Let u(z) = -z**2 + 4*z + 5. What is u(5)?
0
Let g(w) = -7*w + 71. Give g(9).
8
Let l(f) = 9*f - 43. Determine l(4).
-7
Let s(f) = f**3 + 4*f**2 - 11*f + 7. Determine s(-6).
1
Let p(c) = -7*c**2 + 98*c -